8.
4
What is the highest common divisor of 11 and 8?
1
Calculate the highest common factor of 5733 and 936.
117
Calculate the highest common divisor of 2847 and 36.
3
What is the greatest common divisor of 288 and 1719?
9
Calculate the highest common factor of 243 and 1.
1
Calculate the greatest common factor of 28737 and 279.
279
Calculate the greatest common divisor of 54 and 3501.
9
What is the greatest common divisor of 91 and 21?
7
What is the greatest common divisor of 368 and 32?
16
Calculate the highest common divisor of 434 and 341.
31
Calculate the greatest common factor of 14 and 938.
14
What is the greatest common factor of 209 and 22?
11
Calculate the greatest common factor of 112 and 32.
16
Calculate the highest common divisor of 5418 and 630.
126
What is the greatest common factor of 555 and 630?
15
What is the greatest common factor of 355 and 71?
71
Calculate the highest common divisor of 70 and 2030.
70
Calculate the highest common divisor of 1 and 19.
1
Calculate the highest common factor of 225 and 25.
25
Calculate the highest common factor of 34 and 527.
17
Calculate the greatest common factor of 70 and 1106.
14
Calculate the highest common factor of 344 and 946.
86
What is the highest common divisor of 696 and 87?
87
What is the highest common divisor of 10 and 48?
2
Calculate the greatest common divisor of 702 and 1482.
78
What is the highest common divisor of 5 and 295?
5
What is the greatest common factor of 151 and 1?
1
What is the highest common divisor of 129224 and 232?
232
What is the highest common factor of 76 and 266?
38
Calculate the highest common divisor of 13 and 20033.
13
Calculate the greatest common factor of 30 and 810.
30
What is the greatest common factor of 4860 and 120?
60
What is the greatest common divisor of 1278 and 2414?
142
What is the highest common divisor of 9785 and 285?
95
What is the highest common divisor of 25 and 3725?
25
What is the greatest common factor of 15051 and 3633?
519
What is the highest common factor of 8580 and 520?
260
What is the highest common divisor of 209 and 57?
19
Calculate the highest common factor of 384 and 6.
6
Calculate the greatest common divisor of 22 and 22.
22
Calculate the highest common factor of 128 and 16.
16
Calculate the highest common divisor of 22 and 7634.
22
Calculate the greatest common divisor of 408 and 102.
102
Calculate the highest common divisor of 39429 and 117.
117
Calculate the highest common factor of 2263 and 1022.
73
What is the greatest common divisor of 304 and 456?
152
What is the greatest common divisor of 819 and 308?
7
Calculate the greatest common factor of 14008 and 680.
136
What is the greatest common factor of 49 and 833?
49
What is the greatest common factor of 22 and 154?
22
What is the highest common divisor of 26239 and 57?
19
Calculate the greatest common factor of 42384 and 48.
48
What is the highest common divisor of 246 and 24?
6
Calculate the highest common divisor of 11218 and 142.
142
What is the highest common factor of 175 and 700?
175
Calculate the highest common divisor of 88 and 418.
22
What is the greatest common factor of 18 and 2358?
18
Calculate the highest common factor of 1212 and 12.
12
What is the highest common factor of 1068 and 12?
12
Calculate the greatest common factor of 7404 and 12.
12
What is the greatest common divisor of 25 and 205?
5
Calculate the highest common factor of 4453 and 61.
61
Calculate the highest common factor of 828 and 3634.
46
What is the highest common divisor of 92 and 230?
46
Calculate the highest common factor of 1 and 1.
1
Calculate the greatest common divisor of 5 and 80.
5
Calculate the highest common factor of 17 and 85.
17
Calculate the greatest common factor of 126 and 18.
18
Calculate the highest common divisor of 51 and 3876.
51
Calculate the highest common factor of 4 and 4724.
4
What is the highest common divisor of 801 and 99?
9
What is the highest common divisor of 24 and 78?
6
What is the greatest common divisor of 435 and 10?
5
What is the greatest common factor of 16 and 56?
8
What is the highest common divisor of 864 and 4?
4
Calculate the highest common divisor of 290 and 116.
58
What is the highest common factor of 380 and 2?
2
What is the highest common factor of 7 and 246?
1
What is the highest common factor of 210 and 870?
30
What is the greatest common divisor of 9 and 21?
3
What is the greatest common divisor of 5 and 205?
5
What is the greatest common divisor of 5 and 545?
5
What is the highest common factor of 812 and 28?
28
What is the highest common divisor of 332 and 415?
83
Calculate the greatest common factor of 439 and 1.
1
What is the greatest common factor of 45 and 25?
5
Calculate the highest common factor of 87 and 290.
29
Calculate the highest common divisor of 460 and 20.
20
What is the highest common factor of 330 and 45?
15
Calculate the highest common factor of 12140 and 100.
20
Calculate the highest common factor of 1128 and 47.
47
Calculate the highest common divisor of 30 and 50.
10
Calculate the greatest common divisor of 11 and 50039.
11
What is the highest common factor of 422 and 6?
2
What is the greatest common factor of 9198 and 146?
146
Calculate the greatest common divisor of 24 and 444.
12
Calculate the highest common factor of 10633 and 62.
31
What is the highest common factor of 1859 and 1001?
143
Calculate the greatest common factor of 483 and 63.
21
Calculate the greatest common factor of 1 and 8568.
1
Calculate the greatest common divisor of 1269 and 4089.
141
What is the highest common factor of 6000 and 336?
48
Calculate the greatest common factor of 455 and 1911.
91
What is the greatest common factor of 39 and 1248?
39
What is the highest common factor of 621 and 297?
27
Calculate the highest common divisor of 8 and 40.
8
What is the greatest common factor of 1502 and 2?
2
What is the highest common divisor of 2676 and 48?
12
Calculate the highest common divisor of 8 and 1.
1
Calculate the highest common factor of 1288 and 46.
46
Calculate the greatest common divisor of 2 and 26.
2
Calculate the greatest common factor of 2240 and 128.
64
What is the greatest common factor of 3276 and 48?
12
What is the greatest common divisor of 544 and 34?
34
Calculate the highest common factor of 1364 and 748.
44
Calculate the greatest common divisor of 53 and 18550.
53
What is the highest common divisor of 138 and 345?
69
What is the greatest common factor of 7 and 217?
7
What is the highest common factor of 88 and 682?
22
Calculate the greatest common factor of 128 and 1328.
16
What is the highest common divisor of 14 and 364?
14
Calculate the greatest common divisor of 392 and 1078.
98
What is the greatest common factor of 57 and 2869?
19
Calculate the greatest common divisor of 1400 and 60.
20
What is the greatest common divisor of 156 and 1053?
39
Calculate the highest common divisor of 10592 and 32.
32
What is the greatest common factor of 354 and 7906?
118
Calculate the highest common divisor of 1005 and 120.
15
What is the highest common factor of 33 and 803?
11
Calculate the highest common factor of 60 and 750.
30
Calculate the highest common factor of 12444 and 476.
68
Calculate the highest common factor of 104 and 31.
1
Calculate the highest common factor of 15 and 390.
15
What is the greatest common factor of 20 and 375?
5
Calculate the greatest common divisor of 264 and 186.
6
Calculate the highest common divisor of 1045 and 38.
19
Calculate the greatest common factor of 212 and 32.
4
What is the highest common factor of 3392 and 583?
53
Calculate the highest common divisor of 3110 and 20.
10
What is the highest common divisor of 230 and 30705?
115
What is the greatest common factor of 22 and 55?
11
Calculate the greatest common factor of 154 and 231.
77
What is the greatest common divisor of 1 and 35?
1
Calculate the greatest common factor of 753 and 2761.
251
What is the greatest common factor of 825 and 605?
55
What is the highest common factor of 87 and 24708?
87
What is the greatest common divisor of 1394 and 82?
82
What is the highest common factor of 42 and 273?
21
What is the highest common factor of 22557 and 876?
219
Calculate the highest common factor of 30 and 1230.
30
Calculate the highest commo